{"id":2062,"date":"2025-06-26T23:52:14","date_gmt":"2025-06-26T20:52:14","guid":{"rendered":"https:\/\/rkeeper.us\/?page_id=2062"},"modified":"2025-07-22T12:08:49","modified_gmt":"2025-07-22T09:08:49","slug":"samopostrezni-kioski","status":"publish","type":"page","link":"https:\/\/rkeeper.si\/?page_id=2062","title":{"rendered":"Samopostre\u017eni kioski"},"content":{"rendered":"\t\t<div data-elementor-type=\"wp-page\" data-elementor-id=\"2062\" class=\"elementor elementor-2062 elementor-1787\" data-elementor-post-type=\"page\">\n\t\t\t\t<div class=\"elementor-element elementor-element-45a7e7ff e-flex e-con-boxed e-con e-parent\" data-id=\"45a7e7ff\" data-element_type=\"container\" data-e-type=\"container\">\n\t\t\t\t\t<div class=\"e-con-inner\">\n\t\t\t\t<div class=\"elementor-element elementor-element-7639dded elementor-widget elementor-widget-heading\" data-id=\"7639dded\" data-element_type=\"widget\" data-e-type=\"widget\" data-widget_type=\"heading.default\">\n\t\t\t\t<div class=\"elementor-widget-container\">\n\t\t\t\t\t<h3 class=\"elementor-heading-title elementor-size-default\">Samopostre\u017eni kioski<\/h3>\t\t\t\t<\/div>\n\t\t\t\t<\/div>\n\t\t\t\t<div class=\"elementor-element elementor-element-60686d3 elementor-widget elementor-widget-text-editor\" data-id=\"60686d3\" data-element_type=\"widget\" data-e-type=\"widget\" data-widget_type=\"text-editor.default\">\n\t\t\t\t<div class=\"elementor-widget-container\">\n\t\t\t\t\t\t\t\t\t<h2 id=\"Empower-your-fast-food-experience-with-r_keeper-kiosks-1\"><strong>Izbolj\u0161ajte svojo izku\u0161njo s hitro prehrano s kioski r_keeper<\/strong><\/h2><figure class=\"image image-style-align-left image_resized\"><img fetchpriority=\"high\" decoding=\"async\" class=\"alignright\" src=\"https:\/\/img.perfectwiki.xyz\/insecure\/resize:fit:400\/aHR0cHM6Ly9zdG9yYWdlLmdvb2dsZWFwaXMuY29tL3BlcmZlY3Rfd2lraS9jMThmZTZmNy03MTRiLTQxMzItYmI1NC0zNTY0ODc3NWVkMGMvY1NJdzZ0a3l0OFU2UTIxZUlGQk4vJUQwJUI4JUQwJUI3JUQwJUJFJUQwJUIxJUQxJTgwJUQwJUIwJUQwJUI2JUQwJUI1JUQwJUJEJUQwJUI4JUQwJUI1X2Q2NTk2NWQzLTFkNDUtNDYyOC05ZTkxLWJlOGUxYzc1ODBhMy5wbmc.webp\" sizes=\"100vw\" srcset=\"https:\/\/img.perfectwiki.xyz\/insecure\/resize:fit:400\/aHR0cHM6Ly9zdG9yYWdlLmdvb2dsZWFwaXMuY29tL3BlcmZlY3Rfd2lraS9jMThmZTZmNy03MTRiLTQxMzItYmI1NC0zNTY0ODc3NWVkMGMvY1NJdzZ0a3l0OFU2UTIxZUlGQk4vJUQwJUI4JUQwJUI3JUQwJUJFJUQwJUIxJUQxJTgwJUQwJUIwJUQwJUI2JUQwJUI1JUQwJUJEJUQwJUI4JUQwJUI1X2Q2NTk2NWQzLTFkNDUtNDYyOC05ZTkxLWJlOGUxYzc1ODBhMy5wbmc.webp 400w, https:\/\/img.perfectwiki.xyz\/insecure\/resize:fit:800\/aHR0cHM6Ly9zdG9yYWdlLmdvb2dsZWFwaXMuY29tL3BlcmZlY3Rfd2lraS9jMThmZTZmNy03MTRiLTQxMzItYmI1NC0zNTY0ODc3NWVkMGMvY1NJdzZ0a3l0OFU2UTIxZUlGQk4vJUQwJUI4JUQwJUI3JUQwJUJFJUQwJUIxJUQxJTgwJUQwJUIwJUQwJUI2JUQwJUI1JUQwJUJEJUQwJUI4JUQwJUI1X2Q2NTk2NWQzLTFkNDUtNDYyOC05ZTkxLWJlOGUxYzc1ODBhMy5wbmc.webp 800w, https:\/\/img.perfectwiki.xyz\/insecure\/resize:fit:1200\/aHR0cHM6Ly9zdG9yYWdlLmdvb2dsZWFwaXMuY29tL3BlcmZlY3Rfd2lraS9jMThmZTZmNy03MTRiLTQxMzItYmI1NC0zNTY0ODc3NWVkMGMvY1NJdzZ0a3l0OFU2UTIxZUlGQk4vJUQwJUI4JUQwJUI3JUQwJUJFJUQwJUIxJUQxJTgwJUQwJUIwJUQwJUI2JUQwJUI1JUQwJUJEJUQwJUI4JUQwJUI1X2Q2NTk2NWQzLTFkNDUtNDYyOC05ZTkxLWJlOGUxYzc1ODBhMy5wbmc.webp 1200w, https:\/\/img.perfectwiki.xyz\/insecure\/aHR0cHM6Ly9zdG9yYWdlLmdvb2dsZWFwaXMuY29tL3BlcmZlY3Rfd2lraS9jMThmZTZmNy03MTRiLTQxMzItYmI1NC0zNTY0ODc3NWVkMGMvY1NJdzZ0a3l0OFU2UTIxZUlGQk4vJUQwJUI4JUQwJUI3JUQwJUJFJUQwJUIxJUQxJTgwJUQwJUIwJUQwJUI2JUQwJUI1JUQwJUJEJUQwJUI4JUQwJUI1X2Q2NTk2NWQzLTFkNDUtNDYyOC05ZTkxLWJlOGUxYzc1ODBhMy5wbmc.webp 1400w\" alt=\"izdelki \/ 1 Samopostre\u017eni kioski \u2705  \" width=\"428\" height=\"426\"><\/figure><h3 id=\"Quick.-Efficient.-User-Friendly.-2\"><strong>Hitro. U\u010dinkovito. Uporabniku prijazno.  <\/strong><\/h3><p>Na\u0161i kioski so hitri, u\u010dinkoviti in izjemno prijazni do uporabnika, zato lahko va\u0161e stranke oddajo naro\u010dila, ko jim je to najbolj priro\u010dno, kar skraj\u0161a \u010das \u010dakanja in pove\u010da zadovoljstvo. Potopite se v prihodnost gostinstva, kjer tehnologija zdru\u017euje okus. Pove\u010dajte u\u010dinkovitost svoje restavracije in opazujte rast svojega poslovanja z <strong>r_keeperjem<\/strong>. \u0160e danes stopite v stik z nami in spremenite svoje storitve!   <\/p><ul><li>\u201eSkraj\u0161ajte \u010dakalne \u010dase\u201c<\/li><li>\u201ePove\u010dajte zadovoljstvo strank\u201c<\/li><li>\u201eIzbolj\u0161ajte natan\u010dnost naro\u010dil\u201c<\/li><li>\u201ePove\u010dajte prodajo z dodatno in navzkri\u017eno prodajo\u201c<\/li><\/ul><h2 id=\"How-R-Keeper-Kiosks-Work-1\"><strong>Kako delujejo kioski r-keeper<\/strong><\/h2><ul><li>\u201eEnostavna namestitev\u201c<\/li><li>\u201eNemoteno naro\u010danje\u201c<\/li><li>\u201eTakoj\u0161nja obdelava pla\u010dil\u201c<\/li><li>\u201eHitro izpolnjevanje naro\u010dil\u201c<\/li><\/ul><h2><strong>Prednosti kioskov R-keeper<\/strong><\/h2><p><strong style=\"letter-spacing: 0px; word-spacing: 0em; background-color: transparent;\">&#8220;Racionalizirajte svoje delovanje&#8221; <\/strong><span style=\"letter-spacing: 0px; word-spacing: 0em; background-color: transparent;\">je namenjen revolucioniranju na\u010dina, kako restavracije s hitro prehrano upravljajo svoje vsakodnevne delovne procese in interakcije s strankami. <\/span><span style=\"letter-spacing: 0px; word-spacing: 0em; background-color: transparent;\">Ta pristop izkori\u0161\u010da napredno tehnologijo, da bi va\u0161a restavracija postala u\u010dinkovitej\u0161a ter zmanj\u0161ala porabo \u010dasa in truda pri rutinskih opravilih.<\/span><\/p><p><strong style=\"background-color: transparent; letter-spacing: 0px; word-spacing: 0em;\">Hitrej\u0161i postopek naro\u010danja:<\/strong><span style=\"background-color: transparent; letter-spacing: 0px; word-spacing: 0em;\"> Stranke lahko svoja naro\u010dila hitro oddajo prek intuitivnih vmesnikov na dotik, kar skraj\u0161a \u010dakalne vrste in zmanj\u0161a pritisk na va\u0161e osebje v \u010dasu konic.<\/span><\/p><p><strong style=\"background-color: transparent; letter-spacing: 0px; word-spacing: 0em;\">Izbolj\u0161ana natan\u010dnost naro\u010dil:<\/strong><span style=\"background-color: transparent; letter-spacing: 0px; word-spacing: 0em;\">  S samopostre\u017enimi kioski lahko stranke prilagodijo svoja naro\u010dila to\u010dno tako, kot \u017eelijo, kar znatno zmanj\u0161a mo\u017enost napak, do katerih lahko pride pri obi\u010dajnih na\u010dinih naro\u010danja. Ta natan\u010dnost zagotavlja, da stranke prejmejo to\u010dno tisto, kar so naro\u010dili, kar pove\u010duje zadovoljstvo in zmanj\u0161uje koli\u010dino odpadkov. <\/span><\/p><p><strong style=\"background-color: transparent; letter-spacing: 0px; word-spacing: 0em;\">U\u010dinkovito razporejanje osebja:<\/strong><span style=\"background-color: transparent; letter-spacing: 0px; word-spacing: 0em;\">  Z avtomatizacijo postopka sprejemanja naro\u010dil lahko svoje osebje preusmerite na druga pomembna podro\u010dja, kot sta priprava hrane in storitve za stranke. Ta optimizirana razporeditev \u010dlove\u0161kih virov zagotavlja nemoteno delovanje in pove\u010duje splo\u0161no u\u010dinkovitost va\u0161e restavracije. <\/span><\/p><p><img decoding=\"async\" class=\"alignleft\" style=\"margin: 8px 8px 0px;\" src=\"https:\/\/img.perfectwiki.xyz\/insecure\/resize:fit:400\/aHR0cHM6Ly9zdG9yYWdlLmdvb2dsZWFwaXMuY29tL3BlcmZlY3Rfd2lraS9jMThmZTZmNy03MTRiLTQxMzItYmI1NC0zNTY0ODc3NWVkMGMvY1NJdzZ0a3l0OFU2UTIxZUlGQk4vJUQwJUI4JUQwJUI3JUQwJUJFJUQwJUIxJUQxJTgwJUQwJUIwJUQwJUI2JUQwJUI1JUQwJUJEJUQwJUI4JUQwJUI1XzI4MzhjZjMwLTdiYTAtNDI4OC04NWE5LWUyYTNjZjM0M2EzMi5wbmc.webp\" sizes=\"100vw\" srcset=\"https:\/\/img.perfectwiki.xyz\/insecure\/resize:fit:400\/aHR0cHM6Ly9zdG9yYWdlLmdvb2dsZWFwaXMuY29tL3BlcmZlY3Rfd2lraS9jMThmZTZmNy03MTRiLTQxMzItYmI1NC0zNTY0ODc3NWVkMGMvY1NJdzZ0a3l0OFU2UTIxZUlGQk4vJUQwJUI4JUQwJUI3JUQwJUJFJUQwJUIxJUQxJTgwJUQwJUIwJUQwJUI2JUQwJUI1JUQwJUJEJUQwJUI4JUQwJUI1XzI4MzhjZjMwLTdiYTAtNDI4OC04NWE5LWUyYTNjZjM0M2EzMi5wbmc.webp 400w, https:\/\/img.perfectwiki.xyz\/insecure\/resize:fit:800\/aHR0cHM6Ly9zdG9yYWdlLmdvb2dsZWFwaXMuY29tL3BlcmZlY3Rfd2lraS9jMThmZTZmNy03MTRiLTQxMzItYmI1NC0zNTY0ODc3NWVkMGMvY1NJdzZ0a3l0OFU2UTIxZUlGQk4vJUQwJUI4JUQwJUI3JUQwJUJFJUQwJUIxJUQxJTgwJUQwJUIwJUQwJUI2JUQwJUI1JUQwJUJEJUQwJUI4JUQwJUI1XzI4MzhjZjMwLTdiYTAtNDI4OC04NWE5LWUyYTNjZjM0M2EzMi5wbmc.webp 800w, https:\/\/img.perfectwiki.xyz\/insecure\/resize:fit:1200\/aHR0cHM6Ly9zdG9yYWdlLmdvb2dsZWFwaXMuY29tL3BlcmZlY3Rfd2lraS9jMThmZTZmNy03MTRiLTQxMzItYmI1NC0zNTY0ODc3NWVkMGMvY1NJdzZ0a3l0OFU2UTIxZUlGQk4vJUQwJUI4JUQwJUI3JUQwJUJFJUQwJUIxJUQxJTgwJUQwJUIwJUQwJUI2JUQwJUI1JUQwJUJEJUQwJUI4JUQwJUI1XzI4MzhjZjMwLTdiYTAtNDI4OC04NWE5LWUyYTNjZjM0M2EzMi5wbmc.webp 1200w, https:\/\/img.perfectwiki.xyz\/insecure\/aHR0cHM6Ly9zdG9yYWdlLmdvb2dsZWFwaXMuY29tL3BlcmZlY3Rfd2lraS9jMThmZTZmNy03MTRiLTQxMzItYmI1NC0zNTY0ODc3NWVkMGMvY1NJdzZ0a3l0OFU2UTIxZUlGQk4vJUQwJUI4JUQwJUI3JUQwJUJFJUQwJUIxJUQxJTgwJUQwJUIwJUQwJUI2JUQwJUI1JUQwJUJEJUQwJUI4JUQwJUI1XzI4MzhjZjMwLTdiYTAtNDI4OC04NWE5LWUyYTNjZjM0M2EzMi5wbmc.webp 1400w\" alt=\"izdelki \/ 1 Samopostre\u017eni kioski \u2705  \" width=\"485\" height=\"324\"><\/p><p><strong style=\"background-color: transparent; letter-spacing: 0px; word-spacing: 0em;\">Vpogledi na podlagi podatkov:<\/strong><span style=\"background-color: transparent; letter-spacing: 0px; word-spacing: 0em;\">  Kioski R-Keeper zbirajo dragocene podatke o \u017eeljah in vzorcih naro\u010danja strank. Te informacije je mogo\u010de analizirati in na njihovi podlagi sprejemati utemeljene odlo\u010ditve o prilagoditvah jedilnikov, promocijskih strategijah in zaposlovanju v \u010dasu najve\u010dje porabe, kar \u0161e dodatno poenostavi poslovanje in prilagodi gostinsko izku\u0161njo okusom va\u0161ih strank. <\/span><\/p><p><strong style=\"background-color: transparent; letter-spacing: 0px; word-spacing: 0em;\">&#8220;Opolnomo\u010dite svoje stranke&#8221;  <\/strong><span style=\"background-color: transparent; letter-spacing: 0px; word-spacing: 0em;\">omogo\u010da gostom nadzor nad njihovo izku\u0161njo prehranjevanja v va\u0161i restavraciji s hitro prehrano. Ti kioski ponujajo intuitiven in interaktiven postopek naro\u010danja, ki strankam omogo\u010da, da v svojem tempu pregledujejo meni, prilagodijo naro\u010dila svojim \u017eeljam in celo raziskujejo nove izdelke ali promocije. Ta samousmerjevalni pristop ne le pove\u010duje zadovoljstvo strank, saj jim omogo\u010da izbiro in prilagodljivost, temve\u010d jih tudi pritegne k sodobni, tehnolo\u0161ko dovr\u0161eni gostinski izku\u0161nji. Tak\u0161no opolnomo\u010denje strank lahko vodi k ve\u010dji vrednosti naro\u010dila z mo\u017enostjo prodaje in bolj prilagojenimi storitvami, kar prispeva k zvestobi strank in ponovnemu poslovanju.   <\/span><\/p><p><strong style=\"background-color: transparent; letter-spacing: 0px; word-spacing: 0em;\">&#8220;Izbolj\u0161ajte svojo spodnjo mejo&#8221;  <\/strong><span style=\"background-color: transparent; letter-spacing: 0px; word-spacing: 0em;\">uporaba tehnologije, ki neposredno vpliva na dobi\u010dkonosnost va\u0161e restavracije s hitro prehrano. Tukaj si preberite, kako lahko z integracijo teh kioskov pove\u010date prihodke: <\/span><\/p><p><strong style=\"background-color: transparent; letter-spacing: 0px; word-spacing: 0em;\">Upselling in Cross-Selling:<\/strong><span style=\"background-color: transparent; letter-spacing: 0px; word-spacing: 0em;\">  Kioski lahko ob naro\u010dilu samodejno predlagajo dodatke ali nadgradnje in tako spodbudijo stranke k dodatnim nakupom. Na primer, ob hamburgerju predlagajo pija\u010do ali ob nakupu glavnega obroka ponudijo prilogo po zni\u017eani ceni. To ne le pove\u010da povpre\u010dno vrednost naro\u010dila, temve\u010d tudi brez zaznavne nagajivosti \u010dlove\u0161kega prodajalca.  <\/span><\/p><p><strong style=\"background-color: transparent; letter-spacing: 0px; word-spacing: 0em;\">Manj\u0161i stro\u0161ki dela:<\/strong><span style=\"background-color: transparent; letter-spacing: 0px; word-spacing: 0em;\">  Z avtomatizacijo postopka naro\u010danja lahko prerazporedite osebje na pomembnej\u0161a podro\u010dja delovanja ali zmanj\u0161ate \u0161tevilo zaposlenih v manj obremenjenih obdobjih. Ta optimizacija lahko privede do znatnih prihrankov pri stro\u0161kih dela, ki so eden najve\u010djih stro\u0161kov v gostinstvu. <\/span><\/p><p><strong>Pove\u010dana zmogljivost:<\/strong> Samopostre\u017eni kioski lahko hkrati obravnavajo ve\u010d naro\u010dil in delujejo neprekinjeno, kar vodi k ve\u010dji preto\u010dnosti strank, zlasti v \u010dasu konic. Ta u\u010dinkovitost pomeni, da je mogo\u010de v kraj\u0161em \u010dasu obdelati ve\u010d prodaje, kar neposredno pove\u010da potencial prihodkov. <\/p>\t\t\t\t\t\t\t\t<\/div>\n\t\t\t\t<\/div>\n\t\t\t\t<div class=\"elementor-element elementor-element-4800aad5 elementor-align-center elementor-mobile-align-center elementor-widget elementor-widget-button\" data-id=\"4800aad5\" data-element_type=\"widget\" data-e-type=\"widget\" data-widget_type=\"button.default\">\n\t\t\t\t<div class=\"elementor-widget-container\">\n\t\t\t\t\t\t\t\t\t<div class=\"elementor-button-wrapper\">\n\t\t\t\t\t<a class=\"elementor-button elementor-button-link elementor-size-sm\" href=\"http:\/\/rkeeper.si\/?page_id=256\">\n\t\t\t\t\t\t<span class=\"elementor-button-content-wrapper\">\n\t\t\t\t\t\t\t\t\t<span class=\"elementor-button-text\">Pi\u0161ite nam<\/span>\n\t\t\t\t\t<\/span>\n\t\t\t\t\t<\/a>\n\t\t\t\t<\/div>\n\t\t\t\t\t\t\t\t<\/div>\n\t\t\t\t<\/div>\n\t\t\t\t\t<\/div>\n\t\t\t\t<\/div>\n\t\t\t\t<\/div>\n\t\t","protected":false},"excerpt":{"rendered":"<p>Samopostre\u017eni kioski Izbolj\u0161ajte svojo izku\u0161njo s hitro prehrano s kioski r_keeper Hitro. U\u010dinkovito. Uporabniku prijazno. Na\u0161i kioski so hitri, u\u010dinkoviti in izjemno prijazni do uporabnika, zato lahko va\u0161e stranke oddajo naro\u010dila, ko jim je to najbolj priro\u010dno, kar skraj\u0161a \u010das \u010dakanja in pove\u010da zadovoljstvo. Potopite se v prihodnost gostinstva, kjer tehnologija zdru\u017euje okus. Pove\u010dajte u\u010dinkovitost [&hellip;]<\/p>\n","protected":false},"author":1,"featured_media":0,"parent":0,"menu_order":0,"comment_status":"closed","ping_status":"closed","template":"elementor_header_footer","meta":{"footnotes":""},"class_list":["post-2062","page","type-page","status-publish","hentry"],"_links":{"self":[{"href":"https:\/\/rkeeper.si\/index.php?rest_route=\/wp\/v2\/pages\/2062","targetHints":{"allow":["GET"]}}],"collection":[{"href":"https:\/\/rkeeper.si\/index.php?rest_route=\/wp\/v2\/pages"}],"about":[{"href":"https:\/\/rkeeper.si\/index.php?rest_route=\/wp\/v2\/types\/page"}],"author":[{"embeddable":true,"href":"https:\/\/rkeeper.si\/index.php?rest_route=\/wp\/v2\/users\/1"}],"replies":[{"embeddable":true,"href":"https:\/\/rkeeper.si\/index.php?rest_route=%2Fwp%2Fv2%2Fcomments&post=2062"}],"version-history":[{"count":4,"href":"https:\/\/rkeeper.si\/index.php?rest_route=\/wp\/v2\/pages\/2062\/revisions"}],"predecessor-version":[{"id":3699,"href":"https:\/\/rkeeper.si\/index.php?rest_route=\/wp\/v2\/pages\/2062\/revisions\/3699"}],"wp:attachment":[{"href":"https:\/\/rkeeper.si\/index.php?rest_route=%2Fwp%2Fv2%2Fmedia&parent=2062"}],"curies":[{"name":"wp","href":"https:\/\/api.w.org\/{rel}","templated":true}]}}