{"id":2981,"date":"2025-07-14T15:28:58","date_gmt":"2025-07-14T12:28:58","guid":{"rendered":"https:\/\/rkeeper.us\/?page_id=2981"},"modified":"2025-07-22T12:09:54","modified_gmt":"2025-07-22T09:09:54","slug":"pos-blagajna","status":"publish","type":"page","link":"https:\/\/rkeeper.si\/?page_id=2981","title":{"rendered":"POS \/ blagajna"},"content":{"rendered":"\t\t<div data-elementor-type=\"wp-page\" data-elementor-id=\"2981\" class=\"elementor elementor-2981 elementor-2181\" data-elementor-post-type=\"page\">\n\t\t\t\t<div class=\"elementor-element elementor-element-520b5700 e-flex e-con-boxed e-con e-parent\" data-id=\"520b5700\" data-element_type=\"container\" data-e-type=\"container\">\n\t\t\t\t\t<div class=\"e-con-inner\">\n\t\t\t\t<div class=\"elementor-element elementor-element-6e322089 elementor-widget elementor-widget-heading\" data-id=\"6e322089\" data-element_type=\"widget\" data-e-type=\"widget\" data-widget_type=\"heading.default\">\n\t\t\t\t<div class=\"elementor-widget-container\">\n\t\t\t\t\t<h3 class=\"elementor-heading-title elementor-size-default\">POS \/ blagajna<\/h3>\t\t\t\t<\/div>\n\t\t\t\t<\/div>\n\t\t\t\t<div class=\"elementor-element elementor-element-120f9b88 elementor-widget elementor-widget-text-editor\" data-id=\"120f9b88\" data-element_type=\"widget\" data-e-type=\"widget\" data-widget_type=\"text-editor.default\">\n\t\t\t\t<div class=\"elementor-widget-container\">\n\t\t\t\t\t\t\t\t\t<h2 id=\"POS-and-Cashdesk:-Power-at-Your-Fingertips-1\"><strong>POS in blagajna: Mo\u010d na dosegu roke<\/strong><\/h2><h3 id=\"Smart-Intuitive-and-Built-for-Busy-Service-2\">Pametno, intuitivno in zasnovano za zaposlene slu\u017ebe<\/h3><p>Ne glede na to, ali vodite hitro delujo\u010do restavracijo QSR, prijetno kavarno ali restavracijo z ve\u010d lokacijami, je na\u0161a re\u0161itev <strong>POS in blagajna<\/strong> va\u0161 nadzorni center za vse. Pospe\u0161ite storitve, zmanj\u0161ajte \u0161tevilo napak, upravljajte osebje in zaloge ter navdu\u0161ujte svoje goste &#8211; vse to iz enega samega elegantnega vmesnika. <\/p><p>Zasnovan za u\u010dinkovitost. Ustvarjeno za obseg. Osebje ga obo\u017euje.  <\/p><hr><h3 id=\"Why-Our-POS-System-2\"><strong>Zakaj na\u0161 sistem POS?<\/strong><\/h3><p><img fetchpriority=\"high\" decoding=\"async\" class=\"alignright\" style=\"margin: 8px 8px 0px;\" src=\"https:\/\/img.perfectwiki.xyz\/insecure\/resize:fit:400\/aHR0cHM6Ly9zdG9yYWdlLmdvb2dsZWFwaXMuY29tL3BlcmZlY3Rfd2lraS9jMThmZTZmNy03MTRiLTQxMzItYmI1NC0zNTY0ODc3NWVkMGMvSmhLQW04VFpVUlJLSHhOZ0RUUmwvJUQwJUI4JUQwJUI3JUQwJUJFJUQwJUIxJUQxJTgwJUQwJUIwJUQwJUI2JUQwJUI1JUQwJUJEJUQwJUI4JUQwJUI1X2UzOWYyNWMyLWZmNDgtNGMyYy1iMjE3LTQ1Y2Q2ZTYyN2ExNS5wbmc.webp\" sizes=\"100vw\" srcset=\"https:\/\/img.perfectwiki.xyz\/insecure\/resize:fit:400\/aHR0cHM6Ly9zdG9yYWdlLmdvb2dsZWFwaXMuY29tL3BlcmZlY3Rfd2lraS9jMThmZTZmNy03MTRiLTQxMzItYmI1NC0zNTY0ODc3NWVkMGMvSmhLQW04VFpVUlJLSHhOZ0RUUmwvJUQwJUI4JUQwJUI3JUQwJUJFJUQwJUIxJUQxJTgwJUQwJUIwJUQwJUI2JUQwJUI1JUQwJUJEJUQwJUI4JUQwJUI1X2UzOWYyNWMyLWZmNDgtNGMyYy1iMjE3LTQ1Y2Q2ZTYyN2ExNS5wbmc.webp 400w, https:\/\/img.perfectwiki.xyz\/insecure\/resize:fit:800\/aHR0cHM6Ly9zdG9yYWdlLmdvb2dsZWFwaXMuY29tL3BlcmZlY3Rfd2lraS9jMThmZTZmNy03MTRiLTQxMzItYmI1NC0zNTY0ODc3NWVkMGMvSmhLQW04VFpVUlJLSHhOZ0RUUmwvJUQwJUI4JUQwJUI3JUQwJUJFJUQwJUIxJUQxJTgwJUQwJUIwJUQwJUI2JUQwJUI1JUQwJUJEJUQwJUI4JUQwJUI1X2UzOWYyNWMyLWZmNDgtNGMyYy1iMjE3LTQ1Y2Q2ZTYyN2ExNS5wbmc.webp 800w, https:\/\/img.perfectwiki.xyz\/insecure\/resize:fit:1200\/aHR0cHM6Ly9zdG9yYWdlLmdvb2dsZWFwaXMuY29tL3BlcmZlY3Rfd2lraS9jMThmZTZmNy03MTRiLTQxMzItYmI1NC0zNTY0ODc3NWVkMGMvSmhLQW04VFpVUlJLSHhOZ0RUUmwvJUQwJUI4JUQwJUI3JUQwJUJFJUQwJUIxJUQxJTgwJUQwJUIwJUQwJUI2JUQwJUI1JUQwJUJEJUQwJUI4JUQwJUI1X2UzOWYyNWMyLWZmNDgtNGMyYy1iMjE3LTQ1Y2Q2ZTYyN2ExNS5wbmc.webp 1200w, https:\/\/img.perfectwiki.xyz\/insecure\/aHR0cHM6Ly9zdG9yYWdlLmdvb2dsZWFwaXMuY29tL3BlcmZlY3Rfd2lraS9jMThmZTZmNy03MTRiLTQxMzItYmI1NC0zNTY0ODc3NWVkMGMvSmhLQW04VFpVUlJLSHhOZ0RUUmwvJUQwJUI4JUQwJUI3JUQwJUJFJUQwJUIxJUQxJTgwJUQwJUIwJUQwJUI2JUQwJUI1JUQwJUJEJUQwJUI4JUQwJUI1X2UzOWYyNWMyLWZmNDgtNGMyYy1iMjE3LTQ1Y2Q2ZTYyN2ExNS5wbmc.webp 1400w\" alt=\"izdelki \/ 3 POS \/ blagajna\" width=\"331\" height=\"220\"><\/p><p><strong>Svetlobno hitre transakcije<\/strong><br>Brez zakasnitve. Brez \u010dakanja. Sprejemajte naro\u010dila, razdelite ra\u010dune in natisnite potrdila v nekaj sekundah &#8211; tudi ob prometnih konicah.  <\/p><p><strong>Uporabniku prijazen vmesnik<\/strong><br>Ni strme krivulje u\u010denja. Va\u0161e osebje bo navdu\u0161eno nad enostavnostjo uporabe &#8211; \u017ee prvi dan. <\/p><p><strong>Sinhronizacija v realnem \u010dasu<\/strong><br>Naro\u010dila iz kioskov, aplikacij in spleta? Vsa so sinhronizirana z va\u0161o prodajno blagajno v realnem \u010dasu. Brez dvojnega obravnavanja, brez napak.  <\/p><p><strong>Varna pla\u010dila<\/strong><br>Sprejemanje kartic, mobilnih pla\u010dil, QR ali gotovine &#8211; vse to je popolnoma integrirano z vrhunskimi ponudniki pla\u010dil.<\/p><p> <strong>Popoln nadzor in analitika<\/strong><br>Spremljajte prodajo, uspe\u0161nost osebja, najbolj obremenjene ure, uspe\u0161nice &#8211; vse to na nadzorni plo\u0161\u010di.<\/p><hr><h3 id=\"Key-Features-2\"><strong>Klju\u010dne lastnosti<\/strong><\/h3><p><strong><img decoding=\"async\" class=\"alignleft\" style=\"font-weight: 400;\" src=\"https:\/\/img.perfectwiki.xyz\/insecure\/resize:fit:400\/aHR0cHM6Ly9zdG9yYWdlLmdvb2dsZWFwaXMuY29tL3BlcmZlY3Rfd2lraS9jMThmZTZmNy03MTRiLTQxMzItYmI1NC0zNTY0ODc3NWVkMGMvSmhLQW04VFpVUlJLSHhOZ0RUUmwvJUQwJUI4JUQwJUI3JUQwJUJFJUQwJUIxJUQxJTgwJUQwJUIwJUQwJUI2JUQwJUI1JUQwJUJEJUQwJUI4JUQwJUI1X2E2MDI4ZGFmLTkwY2MtNDZiOC1hNDkyLWYwMzA5YTcyNGJhZC5wbmc.webp\" sizes=\"100vw\" srcset=\"https:\/\/img.perfectwiki.xyz\/insecure\/resize:fit:400\/aHR0cHM6Ly9zdG9yYWdlLmdvb2dsZWFwaXMuY29tL3BlcmZlY3Rfd2lraS9jMThmZTZmNy03MTRiLTQxMzItYmI1NC0zNTY0ODc3NWVkMGMvSmhLQW04VFpVUlJLSHhOZ0RUUmwvJUQwJUI4JUQwJUI3JUQwJUJFJUQwJUIxJUQxJTgwJUQwJUIwJUQwJUI2JUQwJUI1JUQwJUJEJUQwJUI4JUQwJUI1X2E2MDI4ZGFmLTkwY2MtNDZiOC1hNDkyLWYwMzA5YTcyNGJhZC5wbmc.webp 400w, https:\/\/img.perfectwiki.xyz\/insecure\/resize:fit:800\/aHR0cHM6Ly9zdG9yYWdlLmdvb2dsZWFwaXMuY29tL3BlcmZlY3Rfd2lraS9jMThmZTZmNy03MTRiLTQxMzItYmI1NC0zNTY0ODc3NWVkMGMvSmhLQW04VFpVUlJLSHhOZ0RUUmwvJUQwJUI4JUQwJUI3JUQwJUJFJUQwJUIxJUQxJTgwJUQwJUIwJUQwJUI2JUQwJUI1JUQwJUJEJUQwJUI4JUQwJUI1X2E2MDI4ZGFmLTkwY2MtNDZiOC1hNDkyLWYwMzA5YTcyNGJhZC5wbmc.webp 800w, https:\/\/img.perfectwiki.xyz\/insecure\/resize:fit:1200\/aHR0cHM6Ly9zdG9yYWdlLmdvb2dsZWFwaXMuY29tL3BlcmZlY3Rfd2lraS9jMThmZTZmNy03MTRiLTQxMzItYmI1NC0zNTY0ODc3NWVkMGMvSmhLQW04VFpVUlJLSHhOZ0RUUmwvJUQwJUI4JUQwJUI3JUQwJUJFJUQwJUIxJUQxJTgwJUQwJUIwJUQwJUI2JUQwJUI1JUQwJUJEJUQwJUI4JUQwJUI1X2E2MDI4ZGFmLTkwY2MtNDZiOC1hNDkyLWYwMzA5YTcyNGJhZC5wbmc.webp 1200w, https:\/\/img.perfectwiki.xyz\/insecure\/aHR0cHM6Ly9zdG9yYWdlLmdvb2dsZWFwaXMuY29tL3BlcmZlY3Rfd2lraS9jMThmZTZmNy03MTRiLTQxMzItYmI1NC0zNTY0ODc3NWVkMGMvSmhLQW04VFpVUlJLSHhOZ0RUUmwvJUQwJUI4JUQwJUI3JUQwJUJFJUQwJUIxJUQxJTgwJUQwJUIwJUQwJUI2JUQwJUI1JUQwJUJEJUQwJUI4JUQwJUI1X2E2MDI4ZGFmLTkwY2MtNDZiOC1hNDkyLWYwMzA5YTcyNGJhZC5wbmc.webp 1400w\" alt=\"izdelki \/ 3 POS \/ blagajna\" width=\"359\" height=\"239\">Mo\u017enosti ve\u010d naprav:<\/strong> Uporabljajte kot stacionarni terminal ali ro\u010dno tabli\u010dno napravo &#8211; ali oboje.<\/p><p><strong>Enostavno upravljanje menija<\/strong>: Urejanje elementov, cen in promocijskih akcij: Urejanje elementov, cen in promocijskih akcij sproti.<\/p><p><strong>Dovoljenja po meri<\/strong>: Nastavite ravni dostopa za osebje. Zagotovite varnost delovanja. <\/p><p><strong>Na\u010din brez povezave<\/strong>: Nadaljujte s prodajo, tudi \u010de internet ne deluje.<\/p><p><strong>Zasloni za prikaz strank<\/strong>: Gostom v realnem \u010dasu prika\u017eite podrobnosti o naro\u010dilu in predloge za prodajo.<\/p><p><strong>Takoj\u0161nji popusti in integracija zvestobe<\/strong>: Uporabite promocijske kode in programe nagrajevanja neposredno.<\/p><hr><h3 id=\"For-Every-Venue-Every-Style-2\"><strong>Za vsako prizori\u0161\u010de, vsak slog<\/strong><\/h3><p><strong>Picerije in hitra prehrana<\/strong>: hitrost in natan\u010dnost v naglici.<br> Kavarne<strong>in kavni bari<\/strong>: <br><strong> Restavracije s polno ponudbo<\/strong>: hiter dostop, enostavna prodaja: Prikazovanje miz, napitnine, delo z ve\u010d uporabniki.<\/p><hr><h3 id=\"What-You-Get-2\"><strong>Kaj dobite<\/strong><\/h3><p>\u2714\ufe0f Hitrej\u0161i \u010dasi na blagajni<br>\u2714\ufe0f Manj napak osebja<br>\u2714\ufe0f Bolj\u0161e poro\u010danje<br>\u2714\ufe0f Sre\u010dnej\u0161e stranke<br>\u2714\ufe0f Centralizirano upravljanje za ve\u010d lokacij<\/p><p>Pove\u010dajte prodajo. Poenostavite svoj delovni dan. Rastite z zaupanjem.  <\/p><hr><p><strong>Naj \u0161teje vsak dotik.<\/strong><br>Nadgradite svojo izku\u0161njo na blagajni s sistemom POS, ki dela tako trdo kot vi.<\/p>\t\t\t\t\t\t\t\t<\/div>\n\t\t\t\t<\/div>\n\t\t\t\t<div class=\"elementor-element elementor-element-59aa025f elementor-align-center elementor-mobile-align-center elementor-widget elementor-widget-button\" data-id=\"59aa025f\" data-element_type=\"widget\" data-e-type=\"widget\" data-widget_type=\"button.default\">\n\t\t\t\t<div class=\"elementor-widget-container\">\n\t\t\t\t\t\t\t\t\t<div class=\"elementor-button-wrapper\">\n\t\t\t\t\t<a class=\"elementor-button elementor-button-link elementor-size-sm\" href=\"https:\/\/rkeeper.us\/?page_id=256\">\n\t\t\t\t\t\t<span class=\"elementor-button-content-wrapper\">\n\t\t\t\t\t\t\t\t\t<span class=\"elementor-button-text\">Pi\u0161ite nam<\/span>\n\t\t\t\t\t<\/span>\n\t\t\t\t\t<\/a>\n\t\t\t\t<\/div>\n\t\t\t\t\t\t\t\t<\/div>\n\t\t\t\t<\/div>\n\t\t\t\t\t<\/div>\n\t\t\t\t<\/div>\n\t\t\t\t<\/div>\n\t\t","protected":false},"excerpt":{"rendered":"<p>POS \/ blagajna POS in blagajna: Mo\u010d na dosegu roke Pametno, intuitivno in zasnovano za zaposlene slu\u017ebe Ne glede na to, ali vodite hitro delujo\u010do restavracijo QSR, prijetno kavarno ali restavracijo z ve\u010d lokacijami, je na\u0161a re\u0161itev POS in blagajna va\u0161 nadzorni center za vse. Pospe\u0161ite storitve, zmanj\u0161ajte \u0161tevilo napak, upravljajte osebje in zaloge ter [&hellip;]<\/p>\n","protected":false},"author":1,"featured_media":0,"parent":0,"menu_order":0,"comment_status":"closed","ping_status":"closed","template":"","meta":{"footnotes":""},"class_list":["post-2981","page","type-page","status-publish","hentry"],"_links":{"self":[{"href":"https:\/\/rkeeper.si\/index.php?rest_route=\/wp\/v2\/pages\/2981","targetHints":{"allow":["GET"]}}],"collection":[{"href":"https:\/\/rkeeper.si\/index.php?rest_route=\/wp\/v2\/pages"}],"about":[{"href":"https:\/\/rkeeper.si\/index.php?rest_route=\/wp\/v2\/types\/page"}],"author":[{"embeddable":true,"href":"https:\/\/rkeeper.si\/index.php?rest_route=\/wp\/v2\/users\/1"}],"replies":[{"embeddable":true,"href":"https:\/\/rkeeper.si\/index.php?rest_route=%2Fwp%2Fv2%2Fcomments&post=2981"}],"version-history":[{"count":5,"href":"https:\/\/rkeeper.si\/index.php?rest_route=\/wp\/v2\/pages\/2981\/revisions"}],"predecessor-version":[{"id":3719,"href":"https:\/\/rkeeper.si\/index.php?rest_route=\/wp\/v2\/pages\/2981\/revisions\/3719"}],"wp:attachment":[{"href":"https:\/\/rkeeper.si\/index.php?rest_route=%2Fwp%2Fv2%2Fmedia&parent=2981"}],"curies":[{"name":"wp","href":"https:\/\/api.w.org\/{rel}","templated":true}]}}